{"id":82,"date":"2026-04-11T03:50:58","date_gmt":"2026-04-11T03:50:58","guid":{"rendered":"https:\/\/shoplego.azdigi.shop\/?post_type=product&#038;p=82"},"modified":"2026-04-11T13:43:26","modified_gmt":"2026-04-11T13:43:26","slug":"do-choi-lap-rap-qua-bong-da-lego-editions-sports-43019-1498-chi-tiet","status":"publish","type":"product","link":"https:\/\/shoplego.azdigi.shop\/index.php\/product\/do-choi-lap-rap-qua-bong-da-lego-editions-sports-43019-1498-chi-tiet\/","title":{"rendered":"\u0110\u1ed3 Ch\u01a1i L\u1eafp R\u00e1p Qu\u1ea3 B\u00f3ng \u0110\u00e1 LEGO EDITIONS SPORTS 43019 (1498 Chi Ti\u1ebft)"},"content":{"rendered":"<h2>\u0110\u1ed3 Ch\u01a1i L\u1eafp R\u00e1p Qu\u1ea3 B\u00f3ng \u0110\u00e1 LEGO EDITIONS SPORTS 43019 (1498 Chi Ti\u1ebft)<\/h2>\n<p><img loading=\"lazy\" decoding=\"async\" class=\"alignnone size-medium wp-image-83 aligncenter\" src=\"https:\/\/shoplego.azdigi.shop\/wp-content\/uploads\/2026\/04\/Anh-chup-man-hinh-2026-04-11-104849-300x254.png\" alt=\"\" width=\"300\" height=\"254\" srcset=\"https:\/\/shoplego.azdigi.shop\/wp-content\/uploads\/2026\/04\/Anh-chup-man-hinh-2026-04-11-104849-300x254.png 300w, https:\/\/shoplego.azdigi.shop\/wp-content\/uploads\/2026\/04\/Anh-chup-man-hinh-2026-04-11-104849-510x432.png 510w, https:\/\/shoplego.azdigi.shop\/wp-content\/uploads\/2026\/04\/Anh-chup-man-hinh-2026-04-11-104849.png 731w\" sizes=\"auto, (max-width: 300px) 100vw, 300px\" \/><\/p>\n<p>Kh\u1edfi \u0111\u1ed9ng ni\u1ec1m \u0111am m\u00ea s\u00e1ng t\u1ea1o c\u00f9ng \u0110\u1ed3 ch\u01a1i L\u1eafp r\u00e1p Qu\u1ea3 B\u00f3ng \u0110\u00e1. T\u1eadn h\u01b0\u1edfng qu\u00e1 tr\u00ecnh l\u1eafp r\u00e1p m\u00f4 h\u00ecnh LEGO d\u1ef1a tr\u00ean k\u00edch th\u01b0\u1edbc qu\u1ea3 b\u00f3ng \u0111\u00e1 s\u1ed1 5 \u0111\u01b0\u1ee3c s\u1eed d\u1ee5ng trong c\u00e1c tr\u1eadn \u0111\u1ea5u ch\u00ednh th\u1ee9c v\u00e0 kh\u00e1m ph\u00e1 nh\u1eefng chi ti\u1ebft \u1ea5n t\u01b0\u1ee3ng. B\u00ean trong qu\u1ea3 b\u00f3ng l\u00e0 m\u1ed9t s\u00e2n v\u1eadn \u0111\u1ed9ng thu nh\u1ecf c\u00f3 th\u1ec3 chuy\u1ec3n \u0111\u1ed9ng, t\u00e1i hi\u1ec7n kho\u1ea3nh kh\u1eafc \u0111\u1ed9i b\u00f3ng gi\u00e0nh chi\u1ebfn th\u1eafng. Khi ho\u00e0n thi\u1ec7n, m\u00f4 h\u00ecnh tr\u1edf th\u00e0nh v\u1eadt trang tr\u00ed th\u1ec3 thao n\u1ed5i b\u1eadt \u0111\u1ec3 tr\u01b0ng b\u00e0y<br \/>\n\u0110\u1ed3 ch\u01a1i L\u1eafp r\u00e1p Qu\u1ea3 B\u00f3ng \u0110\u00e1 l\u00e0 b\u1ed9 l\u1eafp r\u00e1p d\u00e0nh cho tr\u1ebb t\u1eeb 10 tu\u1ed5i tr\u1edf l\u00ean<\/p>\n<p>\u0110\u1ed3 ch\u01a1i L\u1eafp r\u00e1p Qu\u1ea3 B\u00f3ng \u0110\u00e1 l\u00e0 m\u00f3n qu\u00e0 th\u1ec3 thao ph\u00f9 h\u1ee3p cho b\u00e9 trai, b\u00e9 g\u00e1i v\u00e0 ng\u01b0\u1eddi h\u00e2m m\u1ed9 b\u00f3ng \u0111\u00e1 \u1edf m\u1ecdi l\u1ee9a tu\u1ed5i trong c\u00e1c d\u1ecbp \u0111\u1eb7c bi\u1ec7t<br \/>\nKh\u00e1m ph\u00e1 th\u00eam c\u00e1c b\u1ed9 LEGO\u00ae Editions kh\u00e1c d\u01b0\u1ee3c b\u00e1n ri\u00eang<br \/>\nTheo d\u00f5i ti\u1ebfn \u0111\u1ed9 l\u1eafp r\u00e1p v\u00e0 xoay m\u00f4 h\u00ecnh k\u1ef9 thu\u1eadt s\u1ed1 trong \u1ee9ng d\u1ee5ng LEGO\u00ae Builder<br \/>\n\u0110\u1ed3 ch\u01a1i L\u1eafp r\u00e1p Qu\u1ea3 B\u00f3ng \u0110\u00e1 g\u1ed3m 1.498 m\u1ea3nh gh\u00e9p v\u1edbi m\u00f4 h\u00ecnh cao h\u01a1n 22 cm v\u00e0 r\u1ed9ng h\u01a1n 21 cm<\/p>\n","protected":false},"excerpt":{"rendered":"<p>\u0110\u1ed3 Ch\u01a1i L\u1eafp R\u00e1p Qu\u1ea3 B\u00f3ng \u0110\u00e1 LEGO EDITIONS SPORTS 43019 (1498 Chi Ti\u1ebft) Kh\u1edfi \u0111\u1ed9ng ni\u1ec1m \u0111am m\u00ea s\u00e1ng t\u1ea1o c\u00f9ng \u0110\u1ed3 ch\u01a1i L\u1eafp r\u00e1p Qu\u1ea3 B\u00f3ng \u0110\u00e1. T\u1eadn h\u01b0\u1edfng qu\u00e1 tr\u00ecnh l\u1eafp r\u00e1p m\u00f4 h\u00ecnh LEGO d\u1ef1a tr\u00ean k\u00edch th\u01b0\u1edbc qu\u1ea3 b\u00f3ng \u0111\u00e1 s\u1ed1 5 \u0111\u01b0\u1ee3c s\u1eed d\u1ee5ng trong c\u00e1c tr\u1eadn \u0111\u1ea5u ch\u00ednh [&#8230;]\n","protected":false},"featured_media":83,"comment_status":"open","ping_status":"closed","template":"","meta":[],"product_brand":[],"product_cat":[17],"product_tag":[],"class_list":{"0":"post-82","1":"product","2":"type-product","3":"status-publish","4":"has-post-thumbnail","6":"product_cat-lego","8":"first","9":"instock","10":"sale","11":"shipping-taxable","12":"purchasable","13":"product-type-simple"},"yoast_head":"<!-- This site is optimized with the Yoast SEO plugin v27.2 - https:\/\/yoast.com\/product\/yoast-seo-wordpress\/ -->\n<title>\u0110\u1ed3 Ch\u01a1i L\u1eafp R\u00e1p Qu\u1ea3 B\u00f3ng \u0110\u00e1 LEGO EDITIONS SPORTS 43019 (1498 Chi Ti\u1ebft) - Shop Lego c\u1ee7a P\u00f4<\/title>\n<meta name=\"description\" content=\"Kh\u1edfi \u0111\u1ed9ng ni\u1ec1m \u0111am m\u00ea s\u00e1ng t\u1ea1o c\u00f9ng \u0110\u1ed3 ch\u01a1i L\u1eafp r\u00e1p Qu\u1ea3 B\u00f3ng \u0110\u00e1. T\u1eadn h\u01b0\u1edfng qu\u00e1 tr\u00ecnh l\u1eafp r\u00e1p m\u00f4 h\u00ecnh LEGO\" \/>\n<meta name=\"robots\" content=\"index, follow, max-snippet:-1, max-image-preview:large, max-video-preview:-1\" \/>\n<link rel=\"canonical\" href=\"https:\/\/shoplego.azdigi.shop\/index.php\/product\/do-choi-lap-rap-qua-bong-da-lego-editions-sports-43019-1498-chi-tiet\/\" \/>\n<meta property=\"og:locale\" content=\"en_US\" \/>\n<meta property=\"og:type\" content=\"article\" \/>\n<meta property=\"og:title\" content=\"\u0110\u1ed3 Ch\u01a1i L\u1eafp R\u00e1p Qu\u1ea3 B\u00f3ng \u0110\u00e1 LEGO EDITIONS SPORTS 43019 (1498 Chi Ti\u1ebft) - Shop Lego c\u1ee7a P\u00f4\" \/>\n<meta property=\"og:description\" content=\"Kh\u1edfi \u0111\u1ed9ng ni\u1ec1m \u0111am m\u00ea s\u00e1ng t\u1ea1o c\u00f9ng \u0110\u1ed3 ch\u01a1i L\u1eafp r\u00e1p Qu\u1ea3 B\u00f3ng \u0110\u00e1. T\u1eadn h\u01b0\u1edfng qu\u00e1 tr\u00ecnh l\u1eafp r\u00e1p m\u00f4 h\u00ecnh LEGO\" \/>\n<meta property=\"og:url\" content=\"https:\/\/shoplego.azdigi.shop\/index.php\/product\/do-choi-lap-rap-qua-bong-da-lego-editions-sports-43019-1498-chi-tiet\/\" \/>\n<meta property=\"og:site_name\" content=\"Shop Lego c\u1ee7a P\u00f4\" \/>\n<meta property=\"article:modified_time\" content=\"2026-04-11T13:43:26+00:00\" \/>\n<meta property=\"og:image\" content=\"https:\/\/shoplego.azdigi.shop\/wp-content\/uploads\/2026\/04\/Anh-chup-man-hinh-2026-04-11-104849.png\" \/>\n\t<meta property=\"og:image:width\" content=\"731\" \/>\n\t<meta property=\"og:image:height\" content=\"619\" \/>\n\t<meta property=\"og:image:type\" content=\"image\/png\" \/>\n<meta name=\"twitter:card\" content=\"summary_large_image\" \/>\n<meta name=\"twitter:label1\" content=\"Est. reading time\" \/>\n\t<meta name=\"twitter:data1\" content=\"2 minutes\" \/>\n<script type=\"application\/ld+json\" class=\"yoast-schema-graph\">{\"@context\":\"https:\/\/schema.org\",\"@graph\":[{\"@type\":\"WebPage\",\"@id\":\"https:\/\/shoplego.azdigi.shop\/index.php\/product\/do-choi-lap-rap-qua-bong-da-lego-editions-sports-43019-1498-chi-tiet\/\",\"url\":\"https:\/\/shoplego.azdigi.shop\/index.php\/product\/do-choi-lap-rap-qua-bong-da-lego-editions-sports-43019-1498-chi-tiet\/\",\"name\":\"\u0110\u1ed3 Ch\u01a1i L\u1eafp R\u00e1p Qu\u1ea3 B\u00f3ng \u0110\u00e1 LEGO EDITIONS SPORTS 43019 (1498 Chi Ti\u1ebft) - Shop Lego c\u1ee7a P\u00f4\",\"isPartOf\":{\"@id\":\"https:\/\/shoplego.azdigi.shop\/#website\"},\"primaryImageOfPage\":{\"@id\":\"https:\/\/shoplego.azdigi.shop\/index.php\/product\/do-choi-lap-rap-qua-bong-da-lego-editions-sports-43019-1498-chi-tiet\/#primaryimage\"},\"image\":{\"@id\":\"https:\/\/shoplego.azdigi.shop\/index.php\/product\/do-choi-lap-rap-qua-bong-da-lego-editions-sports-43019-1498-chi-tiet\/#primaryimage\"},\"thumbnailUrl\":\"https:\/\/shoplego.azdigi.shop\/wp-content\/uploads\/2026\/04\/Anh-chup-man-hinh-2026-04-11-104849.png\",\"datePublished\":\"2026-04-11T03:50:58+00:00\",\"dateModified\":\"2026-04-11T13:43:26+00:00\",\"description\":\"Kh\u1edfi \u0111\u1ed9ng ni\u1ec1m \u0111am m\u00ea s\u00e1ng t\u1ea1o c\u00f9ng \u0110\u1ed3 ch\u01a1i L\u1eafp r\u00e1p Qu\u1ea3 B\u00f3ng \u0110\u00e1. T\u1eadn h\u01b0\u1edfng qu\u00e1 tr\u00ecnh l\u1eafp r\u00e1p m\u00f4 h\u00ecnh LEGO\",\"breadcrumb\":{\"@id\":\"https:\/\/shoplego.azdigi.shop\/index.php\/product\/do-choi-lap-rap-qua-bong-da-lego-editions-sports-43019-1498-chi-tiet\/#breadcrumb\"},\"inLanguage\":\"en-US\",\"potentialAction\":[{\"@type\":\"ReadAction\",\"target\":[\"https:\/\/shoplego.azdigi.shop\/index.php\/product\/do-choi-lap-rap-qua-bong-da-lego-editions-sports-43019-1498-chi-tiet\/\"]}]},{\"@type\":\"ImageObject\",\"inLanguage\":\"en-US\",\"@id\":\"https:\/\/shoplego.azdigi.shop\/index.php\/product\/do-choi-lap-rap-qua-bong-da-lego-editions-sports-43019-1498-chi-tiet\/#primaryimage\",\"url\":\"https:\/\/shoplego.azdigi.shop\/wp-content\/uploads\/2026\/04\/Anh-chup-man-hinh-2026-04-11-104849.png\",\"contentUrl\":\"https:\/\/shoplego.azdigi.shop\/wp-content\/uploads\/2026\/04\/Anh-chup-man-hinh-2026-04-11-104849.png\",\"width\":731,\"height\":619},{\"@type\":\"BreadcrumbList\",\"@id\":\"https:\/\/shoplego.azdigi.shop\/index.php\/product\/do-choi-lap-rap-qua-bong-da-lego-editions-sports-43019-1498-chi-tiet\/#breadcrumb\",\"itemListElement\":[{\"@type\":\"ListItem\",\"position\":1,\"name\":\"Home\",\"item\":\"https:\/\/shoplego.azdigi.shop\/\"},{\"@type\":\"ListItem\",\"position\":2,\"name\":\"Shop\",\"item\":\"https:\/\/shoplego.azdigi.shop\/index.php\/shop\/\"},{\"@type\":\"ListItem\",\"position\":3,\"name\":\"\u0110\u1ed3 Ch\u01a1i L\u1eafp R\u00e1p Qu\u1ea3 B\u00f3ng \u0110\u00e1 LEGO EDITIONS SPORTS 43019 (1498 Chi Ti\u1ebft)\"}]},{\"@type\":\"WebSite\",\"@id\":\"https:\/\/shoplego.azdigi.shop\/#website\",\"url\":\"https:\/\/shoplego.azdigi.shop\/\",\"name\":\"Shop Lego c\u1ee7a P\u00f4\",\"description\":\"\",\"potentialAction\":[{\"@type\":\"SearchAction\",\"target\":{\"@type\":\"EntryPoint\",\"urlTemplate\":\"https:\/\/shoplego.azdigi.shop\/?s={search_term_string}\"},\"query-input\":{\"@type\":\"PropertyValueSpecification\",\"valueRequired\":true,\"valueName\":\"search_term_string\"}}],\"inLanguage\":\"en-US\"}]}<\/script>\n<!-- \/ Yoast SEO plugin. -->","yoast_head_json":{"title":"\u0110\u1ed3 Ch\u01a1i L\u1eafp R\u00e1p Qu\u1ea3 B\u00f3ng \u0110\u00e1 LEGO EDITIONS SPORTS 43019 (1498 Chi Ti\u1ebft) - Shop Lego c\u1ee7a P\u00f4","description":"Kh\u1edfi \u0111\u1ed9ng ni\u1ec1m \u0111am m\u00ea s\u00e1ng t\u1ea1o c\u00f9ng \u0110\u1ed3 ch\u01a1i L\u1eafp r\u00e1p Qu\u1ea3 B\u00f3ng \u0110\u00e1. T\u1eadn h\u01b0\u1edfng qu\u00e1 tr\u00ecnh l\u1eafp r\u00e1p m\u00f4 h\u00ecnh LEGO","robots":{"index":"index","follow":"follow","max-snippet":"max-snippet:-1","max-image-preview":"max-image-preview:large","max-video-preview":"max-video-preview:-1"},"canonical":"https:\/\/shoplego.azdigi.shop\/index.php\/product\/do-choi-lap-rap-qua-bong-da-lego-editions-sports-43019-1498-chi-tiet\/","og_locale":"en_US","og_type":"article","og_title":"\u0110\u1ed3 Ch\u01a1i L\u1eafp R\u00e1p Qu\u1ea3 B\u00f3ng \u0110\u00e1 LEGO EDITIONS SPORTS 43019 (1498 Chi Ti\u1ebft) - Shop Lego c\u1ee7a P\u00f4","og_description":"Kh\u1edfi \u0111\u1ed9ng ni\u1ec1m \u0111am m\u00ea s\u00e1ng t\u1ea1o c\u00f9ng \u0110\u1ed3 ch\u01a1i L\u1eafp r\u00e1p Qu\u1ea3 B\u00f3ng \u0110\u00e1. T\u1eadn h\u01b0\u1edfng qu\u00e1 tr\u00ecnh l\u1eafp r\u00e1p m\u00f4 h\u00ecnh LEGO","og_url":"https:\/\/shoplego.azdigi.shop\/index.php\/product\/do-choi-lap-rap-qua-bong-da-lego-editions-sports-43019-1498-chi-tiet\/","og_site_name":"Shop Lego c\u1ee7a P\u00f4","article_modified_time":"2026-04-11T13:43:26+00:00","og_image":[{"width":731,"height":619,"url":"https:\/\/shoplego.azdigi.shop\/wp-content\/uploads\/2026\/04\/Anh-chup-man-hinh-2026-04-11-104849.png","type":"image\/png"}],"twitter_card":"summary_large_image","twitter_misc":{"Est. reading time":"2 minutes"},"schema":{"@context":"https:\/\/schema.org","@graph":[{"@type":"WebPage","@id":"https:\/\/shoplego.azdigi.shop\/index.php\/product\/do-choi-lap-rap-qua-bong-da-lego-editions-sports-43019-1498-chi-tiet\/","url":"https:\/\/shoplego.azdigi.shop\/index.php\/product\/do-choi-lap-rap-qua-bong-da-lego-editions-sports-43019-1498-chi-tiet\/","name":"\u0110\u1ed3 Ch\u01a1i L\u1eafp R\u00e1p Qu\u1ea3 B\u00f3ng \u0110\u00e1 LEGO EDITIONS SPORTS 43019 (1498 Chi Ti\u1ebft) - Shop Lego c\u1ee7a P\u00f4","isPartOf":{"@id":"https:\/\/shoplego.azdigi.shop\/#website"},"primaryImageOfPage":{"@id":"https:\/\/shoplego.azdigi.shop\/index.php\/product\/do-choi-lap-rap-qua-bong-da-lego-editions-sports-43019-1498-chi-tiet\/#primaryimage"},"image":{"@id":"https:\/\/shoplego.azdigi.shop\/index.php\/product\/do-choi-lap-rap-qua-bong-da-lego-editions-sports-43019-1498-chi-tiet\/#primaryimage"},"thumbnailUrl":"https:\/\/shoplego.azdigi.shop\/wp-content\/uploads\/2026\/04\/Anh-chup-man-hinh-2026-04-11-104849.png","datePublished":"2026-04-11T03:50:58+00:00","dateModified":"2026-04-11T13:43:26+00:00","description":"Kh\u1edfi \u0111\u1ed9ng ni\u1ec1m \u0111am m\u00ea s\u00e1ng t\u1ea1o c\u00f9ng \u0110\u1ed3 ch\u01a1i L\u1eafp r\u00e1p Qu\u1ea3 B\u00f3ng \u0110\u00e1. T\u1eadn h\u01b0\u1edfng qu\u00e1 tr\u00ecnh l\u1eafp r\u00e1p m\u00f4 h\u00ecnh LEGO","breadcrumb":{"@id":"https:\/\/shoplego.azdigi.shop\/index.php\/product\/do-choi-lap-rap-qua-bong-da-lego-editions-sports-43019-1498-chi-tiet\/#breadcrumb"},"inLanguage":"en-US","potentialAction":[{"@type":"ReadAction","target":["https:\/\/shoplego.azdigi.shop\/index.php\/product\/do-choi-lap-rap-qua-bong-da-lego-editions-sports-43019-1498-chi-tiet\/"]}]},{"@type":"ImageObject","inLanguage":"en-US","@id":"https:\/\/shoplego.azdigi.shop\/index.php\/product\/do-choi-lap-rap-qua-bong-da-lego-editions-sports-43019-1498-chi-tiet\/#primaryimage","url":"https:\/\/shoplego.azdigi.shop\/wp-content\/uploads\/2026\/04\/Anh-chup-man-hinh-2026-04-11-104849.png","contentUrl":"https:\/\/shoplego.azdigi.shop\/wp-content\/uploads\/2026\/04\/Anh-chup-man-hinh-2026-04-11-104849.png","width":731,"height":619},{"@type":"BreadcrumbList","@id":"https:\/\/shoplego.azdigi.shop\/index.php\/product\/do-choi-lap-rap-qua-bong-da-lego-editions-sports-43019-1498-chi-tiet\/#breadcrumb","itemListElement":[{"@type":"ListItem","position":1,"name":"Home","item":"https:\/\/shoplego.azdigi.shop\/"},{"@type":"ListItem","position":2,"name":"Shop","item":"https:\/\/shoplego.azdigi.shop\/index.php\/shop\/"},{"@type":"ListItem","position":3,"name":"\u0110\u1ed3 Ch\u01a1i L\u1eafp R\u00e1p Qu\u1ea3 B\u00f3ng \u0110\u00e1 LEGO EDITIONS SPORTS 43019 (1498 Chi Ti\u1ebft)"}]},{"@type":"WebSite","@id":"https:\/\/shoplego.azdigi.shop\/#website","url":"https:\/\/shoplego.azdigi.shop\/","name":"Shop Lego c\u1ee7a P\u00f4","description":"","potentialAction":[{"@type":"SearchAction","target":{"@type":"EntryPoint","urlTemplate":"https:\/\/shoplego.azdigi.shop\/?s={search_term_string}"},"query-input":{"@type":"PropertyValueSpecification","valueRequired":true,"valueName":"search_term_string"}}],"inLanguage":"en-US"}]}},"_links":{"self":[{"href":"https:\/\/shoplego.azdigi.shop\/index.php\/wp-json\/wp\/v2\/product\/82","targetHints":{"allow":["GET"]}}],"collection":[{"href":"https:\/\/shoplego.azdigi.shop\/index.php\/wp-json\/wp\/v2\/product"}],"about":[{"href":"https:\/\/shoplego.azdigi.shop\/index.php\/wp-json\/wp\/v2\/types\/product"}],"replies":[{"embeddable":true,"href":"https:\/\/shoplego.azdigi.shop\/index.php\/wp-json\/wp\/v2\/comments?post=82"}],"wp:featuredmedia":[{"embeddable":true,"href":"https:\/\/shoplego.azdigi.shop\/index.php\/wp-json\/wp\/v2\/media\/83"}],"wp:attachment":[{"href":"https:\/\/shoplego.azdigi.shop\/index.php\/wp-json\/wp\/v2\/media?parent=82"}],"wp:term":[{"taxonomy":"product_brand","embeddable":true,"href":"https:\/\/shoplego.azdigi.shop\/index.php\/wp-json\/wp\/v2\/product_brand?post=82"},{"taxonomy":"product_cat","embeddable":true,"href":"https:\/\/shoplego.azdigi.shop\/index.php\/wp-json\/wp\/v2\/product_cat?post=82"},{"taxonomy":"product_tag","embeddable":true,"href":"https:\/\/shoplego.azdigi.shop\/index.php\/wp-json\/wp\/v2\/product_tag?post=82"}],"curies":[{"name":"wp","href":"https:\/\/api.w.org\/{rel}","templated":true}]}}