{"id":126,"date":"2026-04-11T12:19:20","date_gmt":"2026-04-11T12:19:20","guid":{"rendered":"https:\/\/shoplego.azdigi.shop\/?post_type=product&#038;p=126"},"modified":"2026-04-11T13:41:47","modified_gmt":"2026-04-11T13:41:47","slug":"do-choi-lap-rap-mo-to-mau-vang-lego-technic-42225","status":"publish","type":"product","link":"https:\/\/shoplego.azdigi.shop\/index.php\/product\/do-choi-lap-rap-mo-to-mau-vang-lego-technic-42225\/","title":{"rendered":"\u0110\u1ed3 Ch\u01a1i L\u1eafp R\u00e1p M\u00f4 T\u00f4 M\u00e0u V\u00e0ng LEGO TECHNIC 42225"},"content":{"rendered":"<h2>\u0110\u1ed3 Ch\u01a1i L\u1eafp R\u00e1p M\u00f4 T\u00f4 M\u00e0u V\u00e0ng LEGO TECHNIC 42225 (151 Chi Ti\u1ebft)<\/h2>\n<p><img loading=\"lazy\" decoding=\"async\" class=\"aligncenter\" src=\"https:\/\/www.mykingdom.com.vn\/cdn\/shop\/files\/do-choi-lap-rap-mo-to-mau-vang-lego-technic-42225_2.jpg?v=1771899791&amp;width=1946\" alt=\"do-choi-lap-rap-mo-to-mau-vang-lego-technic-42225-01\" width=\"477\" height=\"477\" \/><\/p>\n<p>\u0110\u00e3 \u0111\u1ebfn l\u00fac b\u1ee9t t\u1ed1c v\u00e0 nh\u1eadp cu\u1ed9c!<br \/>\nT\u1ef1 tay l\u1eafp r\u00e1p LEGO\u00ae Technic\u2122 Xe M\u00f4 T\u00f4 V\u00e0ng v\u00e0 \u0111\u01b0a chi\u1ebfc xe c\u1ee7a b\u1ea1n v\u00e0o th\u1eed th\u00e1ch. H\u00e3y th\u1eed h\u1ec7 th\u1ed1ng l\u00e1i khi b\u1ea1n lao nhanh v\u00e0o v\u1ecb tr\u00ed, r\u1ed3i kh\u00e1m ph\u00e1 \u0111\u1ed9ng c\u01a1 3 piston \u0111\u01b0\u1ee3c k\u1ebft n\u1ed1i v\u1edbi b\u00e1nh sau b\u1eb1ng d\u00e2y x\u00edch \u2013 m\u00f4 ph\u1ecfng ch\u00e2n th\u1ef1c nh\u01b0 tr\u00ean m\u1ed9t chi\u1ebfc m\u00f4 t\u00f4 ngo\u00e0i \u0111\u1eddi th\u1ef1c. B\u1ed9 l\u1eafp r\u00e1p kh\u00f4ng ch\u1ec9 mang l\u1ea1i ni\u1ec1m vui ch\u01a1i m\u00e0 c\u00f2n gi\u00fap tr\u1ebb hi\u1ec3u c\u00e1ch c\u00e1c b\u1ed9 ph\u1eadn c\u1ee7a xe m\u00e1y v\u1eadn h\u00e0nh, kh\u01a1i g\u1ee3i t\u01b0 duy k\u1ef9 thu\u1eadt v\u00e0 \u0111am m\u00ea kh\u00e1m ph\u00e1 c\u00f4ng ngh\u1ec7.<\/p>\n<p>\u0110\u1eb7c \u0111i\u1ec3m n\u1ed5i b\u1eadt:<br \/>\n&#8211; \u0110\u1ed3 ch\u01a1i l\u1eafp r\u00e1p LEGO\u00ae Technic\u2122 Xe M\u00f4 T\u00f4 V\u00e0ng d\u00e0nh cho b\u00e9 t\u1eeb 7 tu\u1ed5i tr\u1edf l\u00ean.<br \/>\n&#8211; Trang b\u1ecb h\u1ec7 th\u1ed1ng l\u00e1i v\u00e0 \u0111\u1ed9ng c\u01a1 3 piston k\u1ebft n\u1ed1i v\u1edbi b\u00e1nh sau b\u1eb1ng d\u00e2y x\u00edch.<br \/>\n&#8211; \u0110\u1ed3 ch\u01a1i STEM gi\u00fap tr\u1ebb t\u00ecm hi\u1ec3u c\u00e1ch c\u00e1c b\u1ed9 ph\u1eadn c\u1ee7a xe m\u00f4 t\u00f4 ho\u1ea1t \u0111\u1ed9ng.<br \/>\n&#8211; Kh\u01a1i d\u1eady tr\u00ed t\u01b0\u1edfng t\u01b0\u1ee3ng v\u00e0 ni\u1ec1m y\u00eau th\u00edch m\u00f4 t\u00f4 th\u00f4ng qua ho\u1ea1t \u0111\u1ed9ng l\u1eafp r\u00e1p v\u00e0 nh\u1eadp vai<br \/>\n&#8211; H\u1ed7 tr\u1ee3 \u1ee9ng d\u1ee5ng LEGO\u00ae Builder cho ph\u00e9p l\u01b0u ti\u1ebfn tr\u00ecnh, ph\u00f3ng to v\u00e0 xoay m\u00f4 h\u00ecnh 3D<br \/>\n&#8211; G\u1ed3m 151 m\u1ea3nh gh\u00e9p, m\u00f4 h\u00ecnh xe m\u00f4 t\u00f4 d\u00e0i h\u01a1n 16 cm. M\u1ed9t b\u1ed9 LEGO Technic nh\u1ecf g\u1ecdn nh\u01b0ng \u0111\u1ea7y t\u00ednh k\u1ef9 thu\u1eadt \u2013 ho\u00e0n h\u1ea3o cho nh\u1eefng b\u00e9 y\u00eau th\u00edch xe c\u1ed9 v\u00e0 kh\u00e1m ph\u00e1 c\u00e1ch m\u1ecdi th\u1ee9 v\u1eadn h\u00e0nh<\/p>\n","protected":false},"excerpt":{"rendered":"<p>\u0110\u1ed3 Ch\u01a1i L\u1eafp R\u00e1p M\u00f4 T\u00f4 M\u00e0u V\u00e0ng LEGO TECHNIC 42225 (151 Chi Ti\u1ebft) \u0110\u00e3 \u0111\u1ebfn l\u00fac b\u1ee9t t\u1ed1c v\u00e0 nh\u1eadp cu\u1ed9c! T\u1ef1 tay l\u1eafp r\u00e1p LEGO\u00ae Technic\u2122 Xe M\u00f4 T\u00f4 V\u00e0ng v\u00e0 \u0111\u01b0a chi\u1ebfc xe c\u1ee7a b\u1ea1n v\u00e0o th\u1eed th\u00e1ch. H\u00e3y th\u1eed h\u1ec7 th\u1ed1ng l\u00e1i khi b\u1ea1n lao nhanh v\u00e0o v\u1ecb tr\u00ed, r\u1ed3i kh\u00e1m [&#8230;]\n","protected":false},"featured_media":127,"comment_status":"open","ping_status":"closed","template":"","meta":[],"product_brand":[],"product_cat":[17],"product_tag":[],"class_list":{"0":"post-126","1":"product","2":"type-product","3":"status-publish","4":"has-post-thumbnail","6":"product_cat-lego","8":"first","9":"instock","10":"shipping-taxable","11":"purchasable","12":"product-type-simple"},"yoast_head":"<!-- This site is optimized with the Yoast SEO plugin v27.2 - https:\/\/yoast.com\/product\/yoast-seo-wordpress\/ -->\n<title>\u0110\u1ed3 Ch\u01a1i L\u1eafp R\u00e1p M\u00f4 T\u00f4 M\u00e0u V\u00e0ng LEGO TECHNIC 42225 - Shop Lego c\u1ee7a P\u00f4<\/title>\n<meta name=\"description\" content=\"\u0110\u00e3 \u0111\u1ebfn l\u00fac b\u1ee9t t\u1ed1c v\u00e0 nh\u1eadp cu\u1ed9c!T\u1ef1 tay l\u1eafp r\u00e1p LEGO\u00ae Technic\u2122 Xe M\u00f4 T\u00f4 V\u00e0ng v\u00e0 \u0111\u01b0a chi\u1ebfc xe c\u1ee7a b\u1ea1n v\u00e0o th\u1eed th\u00e1ch. H\u00e3y th\u1eed h\u1ec7 th\u1ed1ng l\u00e1i\" \/>\n<meta name=\"robots\" content=\"index, follow, max-snippet:-1, max-image-preview:large, max-video-preview:-1\" \/>\n<link rel=\"canonical\" href=\"https:\/\/shoplego.azdigi.shop\/index.php\/product\/do-choi-lap-rap-mo-to-mau-vang-lego-technic-42225\/\" \/>\n<meta property=\"og:locale\" content=\"en_US\" \/>\n<meta property=\"og:type\" content=\"article\" \/>\n<meta property=\"og:title\" content=\"\u0110\u1ed3 Ch\u01a1i L\u1eafp R\u00e1p M\u00f4 T\u00f4 M\u00e0u V\u00e0ng LEGO TECHNIC 42225 - Shop Lego c\u1ee7a P\u00f4\" \/>\n<meta property=\"og:description\" content=\"\u0110\u00e3 \u0111\u1ebfn l\u00fac b\u1ee9t t\u1ed1c v\u00e0 nh\u1eadp cu\u1ed9c!T\u1ef1 tay l\u1eafp r\u00e1p LEGO\u00ae Technic\u2122 Xe M\u00f4 T\u00f4 V\u00e0ng v\u00e0 \u0111\u01b0a chi\u1ebfc xe c\u1ee7a b\u1ea1n v\u00e0o th\u1eed th\u00e1ch. H\u00e3y th\u1eed h\u1ec7 th\u1ed1ng l\u00e1i\" \/>\n<meta property=\"og:url\" content=\"https:\/\/shoplego.azdigi.shop\/index.php\/product\/do-choi-lap-rap-mo-to-mau-vang-lego-technic-42225\/\" \/>\n<meta property=\"og:site_name\" content=\"Shop Lego c\u1ee7a P\u00f4\" \/>\n<meta property=\"article:modified_time\" content=\"2026-04-11T13:41:47+00:00\" \/>\n<meta property=\"og:image\" content=\"https:\/\/shoplego.azdigi.shop\/wp-content\/uploads\/2026\/04\/Anh-chup-man-hinh-2026-04-11-191813.png\" \/>\n\t<meta property=\"og:image:width\" content=\"842\" \/>\n\t<meta property=\"og:image:height\" content=\"587\" \/>\n\t<meta property=\"og:image:type\" content=\"image\/png\" \/>\n<meta name=\"twitter:card\" content=\"summary_large_image\" \/>\n<meta name=\"twitter:label1\" content=\"Est. reading time\" \/>\n\t<meta name=\"twitter:data1\" content=\"2 minutes\" \/>\n<script type=\"application\/ld+json\" class=\"yoast-schema-graph\">{\"@context\":\"https:\/\/schema.org\",\"@graph\":[{\"@type\":\"WebPage\",\"@id\":\"https:\/\/shoplego.azdigi.shop\/index.php\/product\/do-choi-lap-rap-mo-to-mau-vang-lego-technic-42225\/\",\"url\":\"https:\/\/shoplego.azdigi.shop\/index.php\/product\/do-choi-lap-rap-mo-to-mau-vang-lego-technic-42225\/\",\"name\":\"\u0110\u1ed3 Ch\u01a1i L\u1eafp R\u00e1p M\u00f4 T\u00f4 M\u00e0u V\u00e0ng LEGO TECHNIC 42225 - Shop Lego c\u1ee7a P\u00f4\",\"isPartOf\":{\"@id\":\"https:\/\/shoplego.azdigi.shop\/#website\"},\"primaryImageOfPage\":{\"@id\":\"https:\/\/shoplego.azdigi.shop\/index.php\/product\/do-choi-lap-rap-mo-to-mau-vang-lego-technic-42225\/#primaryimage\"},\"image\":{\"@id\":\"https:\/\/shoplego.azdigi.shop\/index.php\/product\/do-choi-lap-rap-mo-to-mau-vang-lego-technic-42225\/#primaryimage\"},\"thumbnailUrl\":\"https:\/\/shoplego.azdigi.shop\/wp-content\/uploads\/2026\/04\/Anh-chup-man-hinh-2026-04-11-191813.png\",\"datePublished\":\"2026-04-11T12:19:20+00:00\",\"dateModified\":\"2026-04-11T13:41:47+00:00\",\"description\":\"\u0110\u00e3 \u0111\u1ebfn l\u00fac b\u1ee9t t\u1ed1c v\u00e0 nh\u1eadp cu\u1ed9c!T\u1ef1 tay l\u1eafp r\u00e1p LEGO\u00ae Technic\u2122 Xe M\u00f4 T\u00f4 V\u00e0ng v\u00e0 \u0111\u01b0a chi\u1ebfc xe c\u1ee7a b\u1ea1n v\u00e0o th\u1eed th\u00e1ch. H\u00e3y th\u1eed h\u1ec7 th\u1ed1ng l\u00e1i\",\"breadcrumb\":{\"@id\":\"https:\/\/shoplego.azdigi.shop\/index.php\/product\/do-choi-lap-rap-mo-to-mau-vang-lego-technic-42225\/#breadcrumb\"},\"inLanguage\":\"en-US\",\"potentialAction\":[{\"@type\":\"ReadAction\",\"target\":[\"https:\/\/shoplego.azdigi.shop\/index.php\/product\/do-choi-lap-rap-mo-to-mau-vang-lego-technic-42225\/\"]}]},{\"@type\":\"ImageObject\",\"inLanguage\":\"en-US\",\"@id\":\"https:\/\/shoplego.azdigi.shop\/index.php\/product\/do-choi-lap-rap-mo-to-mau-vang-lego-technic-42225\/#primaryimage\",\"url\":\"https:\/\/shoplego.azdigi.shop\/wp-content\/uploads\/2026\/04\/Anh-chup-man-hinh-2026-04-11-191813.png\",\"contentUrl\":\"https:\/\/shoplego.azdigi.shop\/wp-content\/uploads\/2026\/04\/Anh-chup-man-hinh-2026-04-11-191813.png\",\"width\":842,\"height\":587},{\"@type\":\"BreadcrumbList\",\"@id\":\"https:\/\/shoplego.azdigi.shop\/index.php\/product\/do-choi-lap-rap-mo-to-mau-vang-lego-technic-42225\/#breadcrumb\",\"itemListElement\":[{\"@type\":\"ListItem\",\"position\":1,\"name\":\"Home\",\"item\":\"https:\/\/shoplego.azdigi.shop\/\"},{\"@type\":\"ListItem\",\"position\":2,\"name\":\"Shop\",\"item\":\"https:\/\/shoplego.azdigi.shop\/index.php\/shop\/\"},{\"@type\":\"ListItem\",\"position\":3,\"name\":\"\u0110\u1ed3 Ch\u01a1i L\u1eafp R\u00e1p M\u00f4 T\u00f4 M\u00e0u V\u00e0ng LEGO TECHNIC 42225\"}]},{\"@type\":\"WebSite\",\"@id\":\"https:\/\/shoplego.azdigi.shop\/#website\",\"url\":\"https:\/\/shoplego.azdigi.shop\/\",\"name\":\"Shop Lego c\u1ee7a P\u00f4\",\"description\":\"\",\"potentialAction\":[{\"@type\":\"SearchAction\",\"target\":{\"@type\":\"EntryPoint\",\"urlTemplate\":\"https:\/\/shoplego.azdigi.shop\/?s={search_term_string}\"},\"query-input\":{\"@type\":\"PropertyValueSpecification\",\"valueRequired\":true,\"valueName\":\"search_term_string\"}}],\"inLanguage\":\"en-US\"}]}<\/script>\n<!-- \/ Yoast SEO plugin. -->","yoast_head_json":{"title":"\u0110\u1ed3 Ch\u01a1i L\u1eafp R\u00e1p M\u00f4 T\u00f4 M\u00e0u V\u00e0ng LEGO TECHNIC 42225 - Shop Lego c\u1ee7a P\u00f4","description":"\u0110\u00e3 \u0111\u1ebfn l\u00fac b\u1ee9t t\u1ed1c v\u00e0 nh\u1eadp cu\u1ed9c!T\u1ef1 tay l\u1eafp r\u00e1p LEGO\u00ae Technic\u2122 Xe M\u00f4 T\u00f4 V\u00e0ng v\u00e0 \u0111\u01b0a chi\u1ebfc xe c\u1ee7a b\u1ea1n v\u00e0o th\u1eed th\u00e1ch. H\u00e3y th\u1eed h\u1ec7 th\u1ed1ng l\u00e1i","robots":{"index":"index","follow":"follow","max-snippet":"max-snippet:-1","max-image-preview":"max-image-preview:large","max-video-preview":"max-video-preview:-1"},"canonical":"https:\/\/shoplego.azdigi.shop\/index.php\/product\/do-choi-lap-rap-mo-to-mau-vang-lego-technic-42225\/","og_locale":"en_US","og_type":"article","og_title":"\u0110\u1ed3 Ch\u01a1i L\u1eafp R\u00e1p M\u00f4 T\u00f4 M\u00e0u V\u00e0ng LEGO TECHNIC 42225 - Shop Lego c\u1ee7a P\u00f4","og_description":"\u0110\u00e3 \u0111\u1ebfn l\u00fac b\u1ee9t t\u1ed1c v\u00e0 nh\u1eadp cu\u1ed9c!T\u1ef1 tay l\u1eafp r\u00e1p LEGO\u00ae Technic\u2122 Xe M\u00f4 T\u00f4 V\u00e0ng v\u00e0 \u0111\u01b0a chi\u1ebfc xe c\u1ee7a b\u1ea1n v\u00e0o th\u1eed th\u00e1ch. H\u00e3y th\u1eed h\u1ec7 th\u1ed1ng l\u00e1i","og_url":"https:\/\/shoplego.azdigi.shop\/index.php\/product\/do-choi-lap-rap-mo-to-mau-vang-lego-technic-42225\/","og_site_name":"Shop Lego c\u1ee7a P\u00f4","article_modified_time":"2026-04-11T13:41:47+00:00","og_image":[{"width":842,"height":587,"url":"https:\/\/shoplego.azdigi.shop\/wp-content\/uploads\/2026\/04\/Anh-chup-man-hinh-2026-04-11-191813.png","type":"image\/png"}],"twitter_card":"summary_large_image","twitter_misc":{"Est. reading time":"2 minutes"},"schema":{"@context":"https:\/\/schema.org","@graph":[{"@type":"WebPage","@id":"https:\/\/shoplego.azdigi.shop\/index.php\/product\/do-choi-lap-rap-mo-to-mau-vang-lego-technic-42225\/","url":"https:\/\/shoplego.azdigi.shop\/index.php\/product\/do-choi-lap-rap-mo-to-mau-vang-lego-technic-42225\/","name":"\u0110\u1ed3 Ch\u01a1i L\u1eafp R\u00e1p M\u00f4 T\u00f4 M\u00e0u V\u00e0ng LEGO TECHNIC 42225 - Shop Lego c\u1ee7a P\u00f4","isPartOf":{"@id":"https:\/\/shoplego.azdigi.shop\/#website"},"primaryImageOfPage":{"@id":"https:\/\/shoplego.azdigi.shop\/index.php\/product\/do-choi-lap-rap-mo-to-mau-vang-lego-technic-42225\/#primaryimage"},"image":{"@id":"https:\/\/shoplego.azdigi.shop\/index.php\/product\/do-choi-lap-rap-mo-to-mau-vang-lego-technic-42225\/#primaryimage"},"thumbnailUrl":"https:\/\/shoplego.azdigi.shop\/wp-content\/uploads\/2026\/04\/Anh-chup-man-hinh-2026-04-11-191813.png","datePublished":"2026-04-11T12:19:20+00:00","dateModified":"2026-04-11T13:41:47+00:00","description":"\u0110\u00e3 \u0111\u1ebfn l\u00fac b\u1ee9t t\u1ed1c v\u00e0 nh\u1eadp cu\u1ed9c!T\u1ef1 tay l\u1eafp r\u00e1p LEGO\u00ae Technic\u2122 Xe M\u00f4 T\u00f4 V\u00e0ng v\u00e0 \u0111\u01b0a chi\u1ebfc xe c\u1ee7a b\u1ea1n v\u00e0o th\u1eed th\u00e1ch. H\u00e3y th\u1eed h\u1ec7 th\u1ed1ng l\u00e1i","breadcrumb":{"@id":"https:\/\/shoplego.azdigi.shop\/index.php\/product\/do-choi-lap-rap-mo-to-mau-vang-lego-technic-42225\/#breadcrumb"},"inLanguage":"en-US","potentialAction":[{"@type":"ReadAction","target":["https:\/\/shoplego.azdigi.shop\/index.php\/product\/do-choi-lap-rap-mo-to-mau-vang-lego-technic-42225\/"]}]},{"@type":"ImageObject","inLanguage":"en-US","@id":"https:\/\/shoplego.azdigi.shop\/index.php\/product\/do-choi-lap-rap-mo-to-mau-vang-lego-technic-42225\/#primaryimage","url":"https:\/\/shoplego.azdigi.shop\/wp-content\/uploads\/2026\/04\/Anh-chup-man-hinh-2026-04-11-191813.png","contentUrl":"https:\/\/shoplego.azdigi.shop\/wp-content\/uploads\/2026\/04\/Anh-chup-man-hinh-2026-04-11-191813.png","width":842,"height":587},{"@type":"BreadcrumbList","@id":"https:\/\/shoplego.azdigi.shop\/index.php\/product\/do-choi-lap-rap-mo-to-mau-vang-lego-technic-42225\/#breadcrumb","itemListElement":[{"@type":"ListItem","position":1,"name":"Home","item":"https:\/\/shoplego.azdigi.shop\/"},{"@type":"ListItem","position":2,"name":"Shop","item":"https:\/\/shoplego.azdigi.shop\/index.php\/shop\/"},{"@type":"ListItem","position":3,"name":"\u0110\u1ed3 Ch\u01a1i L\u1eafp R\u00e1p M\u00f4 T\u00f4 M\u00e0u V\u00e0ng LEGO TECHNIC 42225"}]},{"@type":"WebSite","@id":"https:\/\/shoplego.azdigi.shop\/#website","url":"https:\/\/shoplego.azdigi.shop\/","name":"Shop Lego c\u1ee7a P\u00f4","description":"","potentialAction":[{"@type":"SearchAction","target":{"@type":"EntryPoint","urlTemplate":"https:\/\/shoplego.azdigi.shop\/?s={search_term_string}"},"query-input":{"@type":"PropertyValueSpecification","valueRequired":true,"valueName":"search_term_string"}}],"inLanguage":"en-US"}]}},"_links":{"self":[{"href":"https:\/\/shoplego.azdigi.shop\/index.php\/wp-json\/wp\/v2\/product\/126","targetHints":{"allow":["GET"]}}],"collection":[{"href":"https:\/\/shoplego.azdigi.shop\/index.php\/wp-json\/wp\/v2\/product"}],"about":[{"href":"https:\/\/shoplego.azdigi.shop\/index.php\/wp-json\/wp\/v2\/types\/product"}],"replies":[{"embeddable":true,"href":"https:\/\/shoplego.azdigi.shop\/index.php\/wp-json\/wp\/v2\/comments?post=126"}],"wp:featuredmedia":[{"embeddable":true,"href":"https:\/\/shoplego.azdigi.shop\/index.php\/wp-json\/wp\/v2\/media\/127"}],"wp:attachment":[{"href":"https:\/\/shoplego.azdigi.shop\/index.php\/wp-json\/wp\/v2\/media?parent=126"}],"wp:term":[{"taxonomy":"product_brand","embeddable":true,"href":"https:\/\/shoplego.azdigi.shop\/index.php\/wp-json\/wp\/v2\/product_brand?post=126"},{"taxonomy":"product_cat","embeddable":true,"href":"https:\/\/shoplego.azdigi.shop\/index.php\/wp-json\/wp\/v2\/product_cat?post=126"},{"taxonomy":"product_tag","embeddable":true,"href":"https:\/\/shoplego.azdigi.shop\/index.php\/wp-json\/wp\/v2\/product_tag?post=126"}],"curies":[{"name":"wp","href":"https:\/\/api.w.org\/{rel}","templated":true}]}}