{"id":100,"date":"2026-04-11T11:55:01","date_gmt":"2026-04-11T11:55:01","guid":{"rendered":"https:\/\/shoplego.azdigi.shop\/?post_type=product&#038;p=100"},"modified":"2026-04-11T13:42:41","modified_gmt":"2026-04-11T13:42:41","slug":"do-choi-lap-rap-xe-chien-dau-ninja-sieu-toc-lego-ninjago-71844","status":"publish","type":"product","link":"https:\/\/shoplego.azdigi.shop\/index.php\/product\/do-choi-lap-rap-xe-chien-dau-ninja-sieu-toc-lego-ninjago-71844\/","title":{"rendered":"\u0110\u1ed3 Ch\u01a1i L\u1eafp R\u00e1p Xe Chi\u1ebfn \u0110\u1ea5u Ninja Si\u00eau T\u1ed1c LEGO NINJAGO 71844"},"content":{"rendered":"<h2>\u0110\u1ed3 Ch\u01a1i L\u1eafp R\u00e1p Xe Chi\u1ebfn \u0110\u1ea5u Ninja Si\u00eau T\u1ed1c LEGO NINJAGO 71844 (561 chi ti\u1ebft)<\/h2>\n<p><img loading=\"lazy\" decoding=\"async\" class=\"aligncenter\" src=\"https:\/\/www.mykingdom.com.vn\/cdn\/shop\/files\/do-choi-lap-rap-xe-chien-dau-ninja-sieu-toc-lego-ninjago-71844_2.jpg?v=1765781089&amp;width=1946\" alt=\"do-choi-lap-rap-xe-chien-dau-ninja-sieu-toc-lego-ninjago-71844-01\" width=\"618\" height=\"618\" \/><\/p>\n<p>C\u00f9ng c\u00e1c chi\u1ebfn binh ninja tung \u0111\u00f2n t\u1ea5n c\u00f4ng t\u1eeb c\u1ea3 tr\u00ean kh\u00f4ng l\u1eabn m\u1eb7t \u0111\u1ea5t! L\u00e1i chi\u1ebfc Xe Chi\u1ebfn \u0110\u1ea5u Ninja Si\u00eau T\u1ed1c lao v\u00e0o tr\u1eadn chi\u1ebfn, ho\u1eb7c t\u00e1ch ra th\u00e0nh 3 ph\u01b0\u01a1ng ti\u1ec7n nh\u1ecf h\u01a1n \u0111\u1ec3 gi\u00e0nh chi\u1ebfn th\u1eafng! T\u1ea5n c\u00f4ng k\u1ebb \u0111\u1ecbch t\u1eeb tr\u00ean kh\u00f4ng c\u00f9ng phi c\u01a1 c\u1ee7a Frak, ho\u1eb7c lao vun v\u00fat v\u00e0o h\u00e0nh \u0111\u1ed9ng v\u1edbi xe moto ninja c\u1ee7a Kai v\u00e0 Wyldfyre! C\u00e1c b\u00e9 ph\u1ea3i ng\u0103n ch\u1eb7n Nokt v\u00e0 Trinh S\u00e1t R\u1ed3ng B\u00f3ng Ma tr\u00ean t\u00e0u l\u01b0\u1ee3n tr\u01b0\u1edbc khi ch\u00fang ph\u00e1 h\u1ee7y v\u00f9ng \u0110\u1ea5t H\u1ee3p Nh\u1ea5t!<\/p>\n<p>Xe ninja 3 trong 1 t\u00e1i hi\u1ec7n c\u00e1c c\u1ea3nh phim t\u1eeb ph\u1ea7n 3 c\u1ee7a NINJAGO\u00ae: S\u1ef1 Tr\u1ed7i D\u1eady c\u1ee7a R\u1ed3ng<\/p>\n<p>Xe chi\u1ebfn \u0111\u1ea5u l\u1edbn c\u1ee7a NINJAGO\u00ae c\u00f3 th\u1ec3 t\u00e1ch ra th\u00e0nh 2 xe moto v\u00e0 1 phi c\u01a1 \u0111\u1ed3 ch\u01a1i<\/p>\n<p>Bao g\u1ed3m 6 nh\u00e2n v\u1eadt ph\u1ee5: Kai, Wyldfyre, Cole v\u00e0 Frak, c\u00f9ng 2 ph\u1ea3n di\u1ec7n<\/p>\n<p>M\u1ed7i nh\u00e2n v\u1eadt ninja \u0111\u1ec1u \u0111i k\u00e8m \u00edt nh\u1ea5t 1 m\u00f3n v\u0169 kh\u00ed ph\u1ee5 ki\u1ec7n<\/p>\n<p>Qu\u00e0 t\u1eb7ng sinh nh\u1eadt tuy\u1ec7t v\u1eddi cho b\u00e9 t\u1eeb 8 tu\u1ed5i tr\u1edf l\u00ean, y\u00eau th\u00edch phi\u00eau l\u01b0u c\u00f9ng c\u00e1c chi\u1ebfn binh ninja<\/p>\n<p>Kh\u00e1m ph\u00e1 h\u01b0\u1edbng d\u1eabn l\u1eafp r\u00e1p 3D tr\u1ef1c quan qua \u1ee9ng d\u1ee5ng LEGO\u00ae Builder<\/p>\n<p>C\u00e1c b\u1ed9 LEGO\u00ae NINJAGO\u00ae m\u1edf ra m\u1ed9t th\u1ebf gi\u1edbi gi\u1ea3 t\u01b0\u1edfng cho tr\u1ebb th\u1ecfa s\u1ee9c s\u00e1ng t\u1ea1o<\/p>\n<p>B\u1ed9 Xe Chi\u1ebfn \u0110\u1ea5u Ninja g\u1ed3m 561 m\u1ea3nh, d\u00e0i h\u01a1n 24 cm (9 inch)<\/p>\n","protected":false},"excerpt":{"rendered":"<p>\u0110\u1ed3 Ch\u01a1i L\u1eafp R\u00e1p Xe Chi\u1ebfn \u0110\u1ea5u Ninja Si\u00eau T\u1ed1c LEGO NINJAGO 71844 (561 chi ti\u1ebft) C\u00f9ng c\u00e1c chi\u1ebfn binh ninja tung \u0111\u00f2n t\u1ea5n c\u00f4ng t\u1eeb c\u1ea3 tr\u00ean kh\u00f4ng l\u1eabn m\u1eb7t \u0111\u1ea5t! L\u00e1i chi\u1ebfc Xe Chi\u1ebfn \u0110\u1ea5u Ninja Si\u00eau T\u1ed1c lao v\u00e0o tr\u1eadn chi\u1ebfn, ho\u1eb7c t\u00e1ch ra th\u00e0nh 3 ph\u01b0\u01a1ng ti\u1ec7n nh\u1ecf h\u01a1n \u0111\u1ec3 gi\u00e0nh [&#8230;]\n","protected":false},"featured_media":101,"comment_status":"open","ping_status":"closed","template":"","meta":[],"product_brand":[],"product_cat":[17],"product_tag":[],"class_list":{"0":"post-100","1":"product","2":"type-product","3":"status-publish","4":"has-post-thumbnail","6":"product_cat-lego","8":"first","9":"instock","10":"shipping-taxable","11":"purchasable","12":"product-type-variable"},"yoast_head":"<!-- This site is optimized with the Yoast SEO plugin v27.2 - https:\/\/yoast.com\/product\/yoast-seo-wordpress\/ -->\n<title>\u0110\u1ed3 Ch\u01a1i L\u1eafp R\u00e1p Xe Chi\u1ebfn \u0110\u1ea5u Ninja Si\u00eau T\u1ed1c LEGO NINJAGO 71844 - Shop Lego c\u1ee7a P\u00f4<\/title>\n<meta name=\"description\" content=\"C\u00f9ng c\u00e1c chi\u1ebfn binh ninja tung \u0111\u00f2n t\u1ea5n c\u00f4ng t\u1eeb c\u1ea3 tr\u00ean kh\u00f4ng l\u1eabn m\u1eb7t \u0111\u1ea5t! L\u00e1i chi\u1ebfc Xe Chi\u1ebfn \u0110\u1ea5u Ninja Si\u00eau T\u1ed1c lao v\u00e0o tr\u1eadn chi\u1ebfn.\" \/>\n<meta name=\"robots\" content=\"index, follow, max-snippet:-1, max-image-preview:large, max-video-preview:-1\" \/>\n<link rel=\"canonical\" href=\"https:\/\/shoplego.azdigi.shop\/index.php\/product\/do-choi-lap-rap-xe-chien-dau-ninja-sieu-toc-lego-ninjago-71844\/\" \/>\n<meta property=\"og:locale\" content=\"en_US\" \/>\n<meta property=\"og:type\" content=\"article\" \/>\n<meta property=\"og:title\" content=\"\u0110\u1ed3 Ch\u01a1i L\u1eafp R\u00e1p Xe Chi\u1ebfn \u0110\u1ea5u Ninja Si\u00eau T\u1ed1c LEGO NINJAGO 71844 - Shop Lego c\u1ee7a P\u00f4\" \/>\n<meta property=\"og:description\" content=\"C\u00f9ng c\u00e1c chi\u1ebfn binh ninja tung \u0111\u00f2n t\u1ea5n c\u00f4ng t\u1eeb c\u1ea3 tr\u00ean kh\u00f4ng l\u1eabn m\u1eb7t \u0111\u1ea5t! L\u00e1i chi\u1ebfc Xe Chi\u1ebfn \u0110\u1ea5u Ninja Si\u00eau T\u1ed1c lao v\u00e0o tr\u1eadn chi\u1ebfn.\" \/>\n<meta property=\"og:url\" content=\"https:\/\/shoplego.azdigi.shop\/index.php\/product\/do-choi-lap-rap-xe-chien-dau-ninja-sieu-toc-lego-ninjago-71844\/\" \/>\n<meta property=\"og:site_name\" content=\"Shop Lego c\u1ee7a P\u00f4\" \/>\n<meta property=\"article:modified_time\" content=\"2026-04-11T13:42:41+00:00\" \/>\n<meta property=\"og:image\" content=\"https:\/\/shoplego.azdigi.shop\/wp-content\/uploads\/2026\/04\/Anh-chup-man-hinh-2026-04-11-184924.png\" \/>\n\t<meta property=\"og:image:width\" content=\"869\" \/>\n\t<meta property=\"og:image:height\" content=\"696\" \/>\n\t<meta property=\"og:image:type\" content=\"image\/png\" \/>\n<meta name=\"twitter:card\" content=\"summary_large_image\" \/>\n<meta name=\"twitter:label1\" content=\"Est. reading time\" \/>\n\t<meta name=\"twitter:data1\" content=\"2 minutes\" \/>\n<script type=\"application\/ld+json\" class=\"yoast-schema-graph\">{\"@context\":\"https:\/\/schema.org\",\"@graph\":[{\"@type\":\"WebPage\",\"@id\":\"https:\/\/shoplego.azdigi.shop\/index.php\/product\/do-choi-lap-rap-xe-chien-dau-ninja-sieu-toc-lego-ninjago-71844\/\",\"url\":\"https:\/\/shoplego.azdigi.shop\/index.php\/product\/do-choi-lap-rap-xe-chien-dau-ninja-sieu-toc-lego-ninjago-71844\/\",\"name\":\"\u0110\u1ed3 Ch\u01a1i L\u1eafp R\u00e1p Xe Chi\u1ebfn \u0110\u1ea5u Ninja Si\u00eau T\u1ed1c LEGO NINJAGO 71844 - Shop Lego c\u1ee7a P\u00f4\",\"isPartOf\":{\"@id\":\"https:\/\/shoplego.azdigi.shop\/#website\"},\"primaryImageOfPage\":{\"@id\":\"https:\/\/shoplego.azdigi.shop\/index.php\/product\/do-choi-lap-rap-xe-chien-dau-ninja-sieu-toc-lego-ninjago-71844\/#primaryimage\"},\"image\":{\"@id\":\"https:\/\/shoplego.azdigi.shop\/index.php\/product\/do-choi-lap-rap-xe-chien-dau-ninja-sieu-toc-lego-ninjago-71844\/#primaryimage\"},\"thumbnailUrl\":\"https:\/\/shoplego.azdigi.shop\/wp-content\/uploads\/2026\/04\/Anh-chup-man-hinh-2026-04-11-184924.png\",\"datePublished\":\"2026-04-11T11:55:01+00:00\",\"dateModified\":\"2026-04-11T13:42:41+00:00\",\"description\":\"C\u00f9ng c\u00e1c chi\u1ebfn binh ninja tung \u0111\u00f2n t\u1ea5n c\u00f4ng t\u1eeb c\u1ea3 tr\u00ean kh\u00f4ng l\u1eabn m\u1eb7t \u0111\u1ea5t! L\u00e1i chi\u1ebfc Xe Chi\u1ebfn \u0110\u1ea5u Ninja Si\u00eau T\u1ed1c lao v\u00e0o tr\u1eadn chi\u1ebfn.\",\"breadcrumb\":{\"@id\":\"https:\/\/shoplego.azdigi.shop\/index.php\/product\/do-choi-lap-rap-xe-chien-dau-ninja-sieu-toc-lego-ninjago-71844\/#breadcrumb\"},\"inLanguage\":\"en-US\",\"potentialAction\":[{\"@type\":\"ReadAction\",\"target\":[\"https:\/\/shoplego.azdigi.shop\/index.php\/product\/do-choi-lap-rap-xe-chien-dau-ninja-sieu-toc-lego-ninjago-71844\/\"]}]},{\"@type\":\"ImageObject\",\"inLanguage\":\"en-US\",\"@id\":\"https:\/\/shoplego.azdigi.shop\/index.php\/product\/do-choi-lap-rap-xe-chien-dau-ninja-sieu-toc-lego-ninjago-71844\/#primaryimage\",\"url\":\"https:\/\/shoplego.azdigi.shop\/wp-content\/uploads\/2026\/04\/Anh-chup-man-hinh-2026-04-11-184924.png\",\"contentUrl\":\"https:\/\/shoplego.azdigi.shop\/wp-content\/uploads\/2026\/04\/Anh-chup-man-hinh-2026-04-11-184924.png\",\"width\":869,\"height\":696},{\"@type\":\"BreadcrumbList\",\"@id\":\"https:\/\/shoplego.azdigi.shop\/index.php\/product\/do-choi-lap-rap-xe-chien-dau-ninja-sieu-toc-lego-ninjago-71844\/#breadcrumb\",\"itemListElement\":[{\"@type\":\"ListItem\",\"position\":1,\"name\":\"Home\",\"item\":\"https:\/\/shoplego.azdigi.shop\/\"},{\"@type\":\"ListItem\",\"position\":2,\"name\":\"Shop\",\"item\":\"https:\/\/shoplego.azdigi.shop\/index.php\/shop\/\"},{\"@type\":\"ListItem\",\"position\":3,\"name\":\"\u0110\u1ed3 Ch\u01a1i L\u1eafp R\u00e1p Xe Chi\u1ebfn \u0110\u1ea5u Ninja Si\u00eau T\u1ed1c LEGO NINJAGO 71844\"}]},{\"@type\":\"WebSite\",\"@id\":\"https:\/\/shoplego.azdigi.shop\/#website\",\"url\":\"https:\/\/shoplego.azdigi.shop\/\",\"name\":\"Shop Lego c\u1ee7a P\u00f4\",\"description\":\"\",\"potentialAction\":[{\"@type\":\"SearchAction\",\"target\":{\"@type\":\"EntryPoint\",\"urlTemplate\":\"https:\/\/shoplego.azdigi.shop\/?s={search_term_string}\"},\"query-input\":{\"@type\":\"PropertyValueSpecification\",\"valueRequired\":true,\"valueName\":\"search_term_string\"}}],\"inLanguage\":\"en-US\"}]}<\/script>\n<!-- \/ Yoast SEO plugin. -->","yoast_head_json":{"title":"\u0110\u1ed3 Ch\u01a1i L\u1eafp R\u00e1p Xe Chi\u1ebfn \u0110\u1ea5u Ninja Si\u00eau T\u1ed1c LEGO NINJAGO 71844 - Shop Lego c\u1ee7a P\u00f4","description":"C\u00f9ng c\u00e1c chi\u1ebfn binh ninja tung \u0111\u00f2n t\u1ea5n c\u00f4ng t\u1eeb c\u1ea3 tr\u00ean kh\u00f4ng l\u1eabn m\u1eb7t \u0111\u1ea5t! L\u00e1i chi\u1ebfc Xe Chi\u1ebfn \u0110\u1ea5u Ninja Si\u00eau T\u1ed1c lao v\u00e0o tr\u1eadn chi\u1ebfn.","robots":{"index":"index","follow":"follow","max-snippet":"max-snippet:-1","max-image-preview":"max-image-preview:large","max-video-preview":"max-video-preview:-1"},"canonical":"https:\/\/shoplego.azdigi.shop\/index.php\/product\/do-choi-lap-rap-xe-chien-dau-ninja-sieu-toc-lego-ninjago-71844\/","og_locale":"en_US","og_type":"article","og_title":"\u0110\u1ed3 Ch\u01a1i L\u1eafp R\u00e1p Xe Chi\u1ebfn \u0110\u1ea5u Ninja Si\u00eau T\u1ed1c LEGO NINJAGO 71844 - Shop Lego c\u1ee7a P\u00f4","og_description":"C\u00f9ng c\u00e1c chi\u1ebfn binh ninja tung \u0111\u00f2n t\u1ea5n c\u00f4ng t\u1eeb c\u1ea3 tr\u00ean kh\u00f4ng l\u1eabn m\u1eb7t \u0111\u1ea5t! L\u00e1i chi\u1ebfc Xe Chi\u1ebfn \u0110\u1ea5u Ninja Si\u00eau T\u1ed1c lao v\u00e0o tr\u1eadn chi\u1ebfn.","og_url":"https:\/\/shoplego.azdigi.shop\/index.php\/product\/do-choi-lap-rap-xe-chien-dau-ninja-sieu-toc-lego-ninjago-71844\/","og_site_name":"Shop Lego c\u1ee7a P\u00f4","article_modified_time":"2026-04-11T13:42:41+00:00","og_image":[{"width":869,"height":696,"url":"https:\/\/shoplego.azdigi.shop\/wp-content\/uploads\/2026\/04\/Anh-chup-man-hinh-2026-04-11-184924.png","type":"image\/png"}],"twitter_card":"summary_large_image","twitter_misc":{"Est. reading time":"2 minutes"},"schema":{"@context":"https:\/\/schema.org","@graph":[{"@type":"WebPage","@id":"https:\/\/shoplego.azdigi.shop\/index.php\/product\/do-choi-lap-rap-xe-chien-dau-ninja-sieu-toc-lego-ninjago-71844\/","url":"https:\/\/shoplego.azdigi.shop\/index.php\/product\/do-choi-lap-rap-xe-chien-dau-ninja-sieu-toc-lego-ninjago-71844\/","name":"\u0110\u1ed3 Ch\u01a1i L\u1eafp R\u00e1p Xe Chi\u1ebfn \u0110\u1ea5u Ninja Si\u00eau T\u1ed1c LEGO NINJAGO 71844 - Shop Lego c\u1ee7a P\u00f4","isPartOf":{"@id":"https:\/\/shoplego.azdigi.shop\/#website"},"primaryImageOfPage":{"@id":"https:\/\/shoplego.azdigi.shop\/index.php\/product\/do-choi-lap-rap-xe-chien-dau-ninja-sieu-toc-lego-ninjago-71844\/#primaryimage"},"image":{"@id":"https:\/\/shoplego.azdigi.shop\/index.php\/product\/do-choi-lap-rap-xe-chien-dau-ninja-sieu-toc-lego-ninjago-71844\/#primaryimage"},"thumbnailUrl":"https:\/\/shoplego.azdigi.shop\/wp-content\/uploads\/2026\/04\/Anh-chup-man-hinh-2026-04-11-184924.png","datePublished":"2026-04-11T11:55:01+00:00","dateModified":"2026-04-11T13:42:41+00:00","description":"C\u00f9ng c\u00e1c chi\u1ebfn binh ninja tung \u0111\u00f2n t\u1ea5n c\u00f4ng t\u1eeb c\u1ea3 tr\u00ean kh\u00f4ng l\u1eabn m\u1eb7t \u0111\u1ea5t! L\u00e1i chi\u1ebfc Xe Chi\u1ebfn \u0110\u1ea5u Ninja Si\u00eau T\u1ed1c lao v\u00e0o tr\u1eadn chi\u1ebfn.","breadcrumb":{"@id":"https:\/\/shoplego.azdigi.shop\/index.php\/product\/do-choi-lap-rap-xe-chien-dau-ninja-sieu-toc-lego-ninjago-71844\/#breadcrumb"},"inLanguage":"en-US","potentialAction":[{"@type":"ReadAction","target":["https:\/\/shoplego.azdigi.shop\/index.php\/product\/do-choi-lap-rap-xe-chien-dau-ninja-sieu-toc-lego-ninjago-71844\/"]}]},{"@type":"ImageObject","inLanguage":"en-US","@id":"https:\/\/shoplego.azdigi.shop\/index.php\/product\/do-choi-lap-rap-xe-chien-dau-ninja-sieu-toc-lego-ninjago-71844\/#primaryimage","url":"https:\/\/shoplego.azdigi.shop\/wp-content\/uploads\/2026\/04\/Anh-chup-man-hinh-2026-04-11-184924.png","contentUrl":"https:\/\/shoplego.azdigi.shop\/wp-content\/uploads\/2026\/04\/Anh-chup-man-hinh-2026-04-11-184924.png","width":869,"height":696},{"@type":"BreadcrumbList","@id":"https:\/\/shoplego.azdigi.shop\/index.php\/product\/do-choi-lap-rap-xe-chien-dau-ninja-sieu-toc-lego-ninjago-71844\/#breadcrumb","itemListElement":[{"@type":"ListItem","position":1,"name":"Home","item":"https:\/\/shoplego.azdigi.shop\/"},{"@type":"ListItem","position":2,"name":"Shop","item":"https:\/\/shoplego.azdigi.shop\/index.php\/shop\/"},{"@type":"ListItem","position":3,"name":"\u0110\u1ed3 Ch\u01a1i L\u1eafp R\u00e1p Xe Chi\u1ebfn \u0110\u1ea5u Ninja Si\u00eau T\u1ed1c LEGO NINJAGO 71844"}]},{"@type":"WebSite","@id":"https:\/\/shoplego.azdigi.shop\/#website","url":"https:\/\/shoplego.azdigi.shop\/","name":"Shop Lego c\u1ee7a P\u00f4","description":"","potentialAction":[{"@type":"SearchAction","target":{"@type":"EntryPoint","urlTemplate":"https:\/\/shoplego.azdigi.shop\/?s={search_term_string}"},"query-input":{"@type":"PropertyValueSpecification","valueRequired":true,"valueName":"search_term_string"}}],"inLanguage":"en-US"}]}},"_links":{"self":[{"href":"https:\/\/shoplego.azdigi.shop\/index.php\/wp-json\/wp\/v2\/product\/100","targetHints":{"allow":["GET"]}}],"collection":[{"href":"https:\/\/shoplego.azdigi.shop\/index.php\/wp-json\/wp\/v2\/product"}],"about":[{"href":"https:\/\/shoplego.azdigi.shop\/index.php\/wp-json\/wp\/v2\/types\/product"}],"replies":[{"embeddable":true,"href":"https:\/\/shoplego.azdigi.shop\/index.php\/wp-json\/wp\/v2\/comments?post=100"}],"wp:featuredmedia":[{"embeddable":true,"href":"https:\/\/shoplego.azdigi.shop\/index.php\/wp-json\/wp\/v2\/media\/101"}],"wp:attachment":[{"href":"https:\/\/shoplego.azdigi.shop\/index.php\/wp-json\/wp\/v2\/media?parent=100"}],"wp:term":[{"taxonomy":"product_brand","embeddable":true,"href":"https:\/\/shoplego.azdigi.shop\/index.php\/wp-json\/wp\/v2\/product_brand?post=100"},{"taxonomy":"product_cat","embeddable":true,"href":"https:\/\/shoplego.azdigi.shop\/index.php\/wp-json\/wp\/v2\/product_cat?post=100"},{"taxonomy":"product_tag","embeddable":true,"href":"https:\/\/shoplego.azdigi.shop\/index.php\/wp-json\/wp\/v2\/product_tag?post=100"}],"curies":[{"name":"wp","href":"https:\/\/api.w.org\/{rel}","templated":true}]}}